530 - 7367175 = 0. Is v a composite number?
False
Let n(b) = 6*b**2 + 5*b - 37. Suppose -5*t = -x - 52, 4 - 12 = 4*x. Is n(t) composite?
False
Suppose -4*l + 256 - 56 = 0. Is ((-16210)/25)/((-20)/l) prime?
True
Let a(v) be the third derivative of 7*v**5/30 - v**4/12 + 25*v**3/6 + 17*v**2. Let k be a(17). Suppose -8*u - k = -10749. Is u a composite number?
False
Suppose 4*d + 3*r = 1715, d = -0*d - r + 430. Suppose -4*h - h = 2*t + 193, 4*t = 3*h - d. Let s = t + 253. Is s prime?
True
Suppose 3303*d - 21938 = 3301*d. Is d a composite number?
True
Suppose 10*p - 1127482 = 4*j + 644988, 0 = 4*j. Is p composite?
True
Suppose 30*l + 422576 + 29164 = 0. Let p = 3061 - l. Is p prime?
True
Suppose 4 = 5*g - 6. Let l(c) = -4 + c**3 + 1 + c - 8*c**g - 7 + 21*c**2. Is l(-12) composite?
True
Let u(y) = y**3 + 12*y**2 - 19*y + 5. Suppose 0 = -2*h + 117 - 27. Let o = 32 - h. Is u(o) composite?
False
Let j be (11 - (-5 - -22))*(-2)/(-3). Suppose 6*n - n + 150 = 0. Is (-290)/j*n/(-25) composite?
True
Suppose -933*g = -941*g - 96112. Let h = 21013 + g. Is h composite?
False
Suppose -16154 - 45007 = -29*s. Suppose -k - 216 = -s. Is k prime?
False
Let n(k) = -7*k**3 - 536*k**2 - 169*k - 111. Is n(-80) a composite number?
False
Let d = 104401 + -21100. Is d a prime number?
False
Suppose -l + 689 = 3*j, 3*j = l + 2*j - 681. Let a = -190 + l. Is a a prime number?
False
Suppose m - 1022433 - 174471 = -3*d, 4*d - 1595870 = -2*m. Is d a composite number?
False
Suppose -104*w + 773*w - 10607793 - 12443940 = 0. Is w a composite number?
False
Suppose 41*c = 24*c - 56440. Let q = -589 - c. Is q prime?
True
Let k(g) = 11*g**3 - 2*g + 3. Let f be k(2). Let q = 363 - f. Suppose q = 7*x - 1922. Is x prime?
False
Is (7 + -4 + -5)*414415/(-10) prime?
True
Let t be (-76)/(9 - 8 - (2 - -1)). Suppose 8 = 36*p - t*p. Let o(r) = -r**3 + 2*r**2 - 2*r + 9. Is o(p) a composite number?
False
Suppose -167*t - 15828 = -155*t. Let j = t - -2456. Is j a composite number?
True
Is 20 + 1430/(-66) - (-161423)/3 a composite number?
True
Let j = 10918 - -7123. Is j a composite number?
False
Let y be -11*1 - (-7 + 4). Let n(w) = -7*w**3 + w**2 + 26*w - 9 - 3*w**2 - 14*w - 5*w**2. Is n(y) a composite number?
True
Suppose 7*b - 44 = 3*b. Suppose 4*v - 8 = -2*n, 3*n - b = v + 1. Suppose 0 = -3*z, -3124 = -n*w - 3*z + 8*z. Is w prime?
False
Let u be 3/3 + -1 + -4. Is 0/(12/u) + 337 a composite number?
False
Suppose 27*d + 6725 = 157115. Suppose 0 = -33*b + 23*b + d. Is b prime?
True
Let f(p) = p**2 - 2*p. Let n be f(0). Suppose n*x = -x + 391. Is x a prime number?
False
Let k(h) = h + 17. Let y be k(-9). Let s(z) = 9 + 9 + 275*z + 12 - 11. Is s(y) a composite number?
True
Let y = 7467 + 107080. Is y a prime number?
True
Let w(s) = -10*s**3 - 24*s**2 - 5*s + 81. Let g be w(-19). Let x = g - 21149. Is x prime?
True
Let m(g) = 9*g**2 - 13*g - 13. Let u(l) = -l**3 + 4*l - 9. Let b be u(0). Let y be b - ((-18)/6 + 5). Is m(y) a composite number?
True
Let x(t) = -16*t**3 + 21*t**2 - 29*t - 257. Is x(-9) composite?
True
Let r(q) = 4611*q**3 + 7*q**2 - 5*q - 6. Is r(3) a composite number?
True
Suppose 50*d + 2*o - 142058 = 46*d, -d + 35504 = -3*o. Is d a prime number?
False
Suppose 2*l = -2*l - 2*d - 68, 4*l + 40 = 5*d. Suppose -3*c - 28 = 54*h - 55*h, 26 = -3*c - h. Is l/2*1614/c a prime number?
False
Let d be (-4 + -1 + -3)*12/(-24). Let x(t) = 6223*t - 31. Is x(d) a composite number?
True
Is 1/(2/(-8) + 1304610/5218280) composite?
False
Let y(u) = -u**3 - 2*u**2 - 46*u + 31162. Is y(0) a composite number?
True
Suppose 1773 = 2*v + 8213. Let n = 3117 - v. Is n a composite number?
False
Let n(y) = 11586*y - 28. Let w be n(4). Is (w/(-36)*3)/(9/(-27)) a prime number?
True
Let n(a) = -a**3 + 2. Let f be n(-2). Let d = 11497 + -6303. Suppose -f*t = -8776 - d. Is t a composite number?
True
Suppose -2557 = 28*x + 4835. Let u be 3/2*(-1508)/(-6). Let f = u + x. Is f composite?
False
Suppose -17*c + 25*c - 117192 = 0. Let w = c + -7498. Is w a composite number?
False
Let w = -284 - -289. Suppose 5*f - 62477 = -4*q, -37*q + 38*q = -w*f + 15608. Is q a prime number?
False
Suppose 544*w + 151137 = 551*w. Suppose -5*m + w = 4*k, 2810 + 1514 = m - 5*k. Is m a prime number?
False
Let f = 510049 - 268772. Is f prime?
False
Let c be (-2 - 0)*(1 - -1) + -2. Is c*14/21 - (1 + -4602) prime?
True
Let l(t) = 10*t**2 + 13*t - 9. Let d be l(10). Suppose 2*w - 11*p - 1110 = -6*p, 0 = 3*w - 5*p - 1660. Let z = d - w. Is z composite?
False
Let z(i) = 7331*i**2 + 21*i - 187. Is z(7) prime?
False
Let v be 28/(-8) + 2 - (-11514)/4. Let n be (-4887)/3 + -3 - -2. Let o = n + v. Is o a prime number?
False
Suppose 5*s - 5*m - 3588 - 17682 = 0, -12732 = -3*s - 3*m. Suppose -20079 = -8*b + s. Is b prime?
True
Is 67461 + 104 + -3*2 prime?
True
Suppose 0 = 8*h - 41 + 1. Suppose -5*i + 13 = b - 5, 0 = h*i - 4*b - 28. Suppose 0 = a + k - 2148, k + i + 1 = 0. Is a composite?
False
Let i(p) = -695*p - 103. Suppose 4*w + 30 = -3*l + 2*l, -5*w + 2*l = 31. Is i(w) composite?
True
Suppose 3*c - 4*z = -2 - 1, -2*z = 5*c - 21. Suppose 699 - 69 = 2*b - r, c*r = -6. Is b*(1 + 0) - (3 - 6) prime?
True
Let m = 48 + -41. Let u be 344/56 + (-1)/m. Suppose -u*k + 9*k - 8985 = 0. Is k a composite number?
True
Suppose -479 = -2*v + 5*m, 0*m + 2*m = 5*v - 1187. Suppose -94*y = -91*y - v. Is y a composite number?
False
Let a be 1/((-182478)/30414 + 6). Let g = a + 24648. Is g a composite number?
False
Is 120/24 - (-2 + (-141108)/2) composite?
True
Let y(c) = -728*c + 1717. Is y(-32) a composite number?
False
Let l(j) = j**2 + 6*j - 9. Let d be l(-3). Let k be (-10)/45 + (-94)/d. Let w(b) = 49*b**2 + 2*b - 6. Is w(k) a prime number?
True
Suppose 0 = 5*p - 14822 - 19563. Suppose -12*o + 4991 = -p. Is o a composite number?
True
Let a = -62 - -64. Let r be 1/a*(-48)/(-1). Is (3 - r/9) + (-2980)/(-6) composite?
True
Suppose -1621953 = -65*b + 1997702. Is b a prime number?
False
Let u = -109 + 111. Suppose 3*y + 0*o = -o + 2235, -y + u*o + 745 = 0. Is y prime?
False
Let i(t) be the first derivative of -t**7/840 - t**5/120 + 5*t**4/8 - 5*t**3 - 5. Let n(r) be the third derivative of i(r). Is n(-8) prime?
False
Let s = -143 + 152. Let t be 3/(s/21) - (-1 + 2). Suppose -11*p + 2585 = -t*p. Is p prime?
False
Let x be ((-22)/(-6))/((-5)/15). Let o be (1 + 6)/(x/55). Is (-4599)/o - 2/5 a prime number?
True
Let w be (-3)/(3 + -12) - 5/(-3). Suppose -p = w*k + p - 8, -3*p = -6. Let c(y) = 25*y**3 - 6*y + 3. Is c(k) a prime number?
True
Suppose 4*k + 2*b + 26 = 0, 5*k + 12 = -3*b - 23. Let h(g) = 194*g**2 - 4*g - 11. Is h(k) prime?
True
Is 279/(-465) + (-436498)/(-5) a composite number?
False
Let r be (-1316)/(-611) - 3*(-4)/(-78). Suppose 60483 = 2*i - 2*d + 21801, -r*i = -3*d - 38684. Is i a prime number?
False
Let p(u) = -u**3 - 5*u**2 - 5*u - 21. Let x be p(-5). Suppose 0 = -x*q + 4*k + 5057 + 30543, -q + 3*k = -8894. Is q prime?
False
Suppose 0 = 2*o + 5*n - 3801 + 434, 0 = 2*o - n - 3361. Let l(b) = 618*b + 242. Let x be l(3). Suppose -3*c + x = -o. Is c composite?
False
Let r = -36 - -36. Suppose 7*u - 4*u + 342 = r. Let j = 1303 + u. Is j composite?
True
Let m(d) = -798*d - 11. Suppose -5*p = -3*a - 24, -3*a + 3*p = 23 + 1. Is m(a) a composite number?
False
Let m(v) = 155177*v + 3296. Is m(3) a composite number?
True
Let r = -4030 + 11979. Is r prime?
True
Let c(a) = 15*a + 30. Let i be c(2). Suppose 31796 = -i*d + 64*d. Is d composite?
False
Let d = 761078 - 345661. Is d a prime number?
False
Suppose 5427985 + 19299161 = 102*c. Is c composite?
True
Suppose 30*s - 565827 = 1151127 - 394884. Is s a composite number?
True
Let i(x) = -x**3 - 3*x**2 - 3*x + 131. Let s(v) = v**2 + 5*v + 4. Let d be s(-1). Is i(d) composite?
False
Let i = -16241 + 32969. Let n = -9781 + i. Is n composite?
False
Suppose -4 = y + 2*j, -y - 3*j = -0*y + 8. Is (-6)/y*-1*7574/21 prime?
True
Suppose 2*j - 60808 = -3*c, c = j + 6340 - 36734. Is j a composite number?
True
Let t = 76 - 61. Let b = t + -3. Suppose 2056 = -4*d + b*d. Is d a prime number?
True
Let s(p) = 270*p**3 - 5*p**2 + 11*p - 10. Let t be s(5). Suppose -4*w - a - 10693 = -78069, 4*a + t = 2*w. Is w a composite number?
False
Let j(h) be the first derivative of -4 - 6 + 91*h**2 + 1 - 3 - 15*h. Is j(7) a prime number?
True
Let v(h